{"id":30279,"date":"2024-11-27T15:21:34","date_gmt":"2024-11-27T15:21:34","guid":{"rendered":"https:\/\/franjulia.com\/visszateritesi-es-visszateritesi-politika\/"},"modified":"2024-11-29T10:38:51","modified_gmt":"2024-11-29T10:38:51","slug":"visszateritesi-es-visszateritesi-politika","status":"publish","type":"page","link":"https:\/\/franjulia.com\/hu\/visszateritesi-es-visszateritesi-politika\/","title":{"rendered":"Visszat\u00e9r\u00edt\u00e9si \u00e9s visszat\u00e9r\u00edt\u00e9si politika"},"content":{"rendered":"\n<p><strong>Visszat\u00e9r\u00edt\u00e9si politika<\/strong><br\/><strong>Hat\u00e1lyos d\u00e1tum:<\/strong> [01 .12.2024]<\/p>\n\n<p>C\u00e9lunk, hogy minden v\u00e1s\u00e1rl\u00e1sn\u00e1l biztos\u00edtsuk az \u00d6n el\u00e9gedetts\u00e9g\u00e9t. Az al\u00e1bbiakban a visszat\u00e9r\u00edt\u00e9si szab\u00e1lyzatunk felt\u00e9telei tal\u00e1lhat\u00f3k, hogy seg\u00edts\u00fcnk \u00d6nnek abban az esetben, ha vissza kell k\u00fcldenie egy term\u00e9ket.<\/p>\n\n<hr class=\"wp-block-separator has-alpha-channel-opacity\"\/>\n\n<h3 class=\"wp-block-heading\">14 napos visszak\u00fcld\u00e9si politika<\/h3>\n\n<p>A term\u00e9k k\u00e9zhezv\u00e9tel\u00e9t k\u00f6vet\u0151en 14 nap \u00e1ll rendelkez\u00e9s\u00e9re, hogy visszak\u00e9rje a term\u00e9ket.<\/p>\n\n<hr class=\"wp-block-separator has-alpha-channel-opacity\"\/>\n\n<h3 class=\"wp-block-heading\">Visszat\u00e9r\u00edt\u00e9sre val\u00f3 jogosults\u00e1g<\/h3>\n\n<p>Visszat\u00e9r\u00edt\u00e9sre val\u00f3 jogosults\u00e1g:<\/p>\n\n<ul class=\"wp-block-list\">\n<li>A t\u00e1rgyaknak ugyanolyan \u00e1llapotban kell lenni\u00fck, mint ahogyan \u00e1tvett\u00e9k: nem viselt, nem haszn\u00e1lt, c\u00edmk\u00e9vel ell\u00e1tott \u00e9s eredeti csomagol\u00e1sban.<\/li>\n\n\n\n<li>A v\u00e1s\u00e1rl\u00e1st igazol\u00f3 bizonylatot, p\u00e9ld\u00e1ul nyugt\u00e1t, be kell ny\u00fajtani.<\/li>\n<\/ul>\n\n<hr class=\"wp-block-separator has-alpha-channel-opacity\"\/>\n\n<h3 class=\"wp-block-heading\">Hogyan kezdem\u00e9nyezzen visszat\u00e9r\u00e9st<\/h3>\n\n<p>Visszat\u00e9r\u00edt\u00e9s ind\u00edt\u00e1s\u00e1hoz l\u00e9pjen kapcsolatba vel\u00fcnk a <strong><a>franjulia.leather@gmail.com<\/a><\/strong> c\u00edmen. A t\u00e9teleket a k\u00f6vetkez\u0151 c\u00edmre kell k\u00fcldeni:<\/p>\n\n<p><strong>4E s.r.o.<\/strong><br\/><strong>Obchodn\u00e1 616\/20, Kom\u00e1rno 945 01, Szlov\u00e1kia<\/strong><\/p>\n\n<p>Amint a visszak\u00fcld\u00e9st elfogadtuk, elk\u00fcldj\u00fck \u00d6nnek:<\/p>\n\n<ul class=\"wp-block-list\">\n<li>Egy visszak\u00fcld\u00e9si c\u00edmke.<\/li>\n\n\n\n<li>Utas\u00edt\u00e1sok a csomag elk\u00fcld\u00e9s\u00e9nek m\u00f3dj\u00e1r\u00f3l \u00e9s hely\u00e9r\u0151l.<\/li>\n<\/ul>\n\n<p>Felh\u00edvjuk figyelm\u00e9t, hogy a visszak\u00fcld\u00f6tt t\u00e9teleket a visszak\u00fcld\u00e9si k\u00e9relem n\u00e9lk\u00fcl nem fogadjuk el.<\/p>\n\n<p>A visszak\u00fcld\u00e9ssel kapcsolatos k\u00e9rd\u00e9sekkel kapcsolatban b\u00e1rmikor forduljon hozz\u00e1nk a <strong><a>franjulia.leather@gmail.com<\/a><\/strong> e-mail c\u00edmen.<\/p>\n\n<hr class=\"wp-block-separator has-alpha-channel-opacity\"\/>\n\n<h3 class=\"wp-block-heading\">K\u00e1rok \u00e9s k\u00e9rd\u00e9sek<\/h3>\n\n<p>Ellen\u0151rizze a megrendel\u00e9s\u00e9t annak k\u00e9zhezv\u00e9telekor. Ha a term\u00e9k hib\u00e1s, s\u00e9r\u00fclt vagy hib\u00e1s, k\u00e9rj\u00fck, azonnal l\u00e9pjen kapcsolatba vel\u00fcnk a <strong><a>franjulia.leather@gmail.com<\/a><\/strong> e-mail c\u00edmen. \u00c9rt\u00e9kelni fogjuk a probl\u00e9m\u00e1t, \u00e9s azon fogunk dolgozni, hogy azonnal megoldjuk azt.<\/p>\n\n<hr class=\"wp-block-separator has-alpha-channel-opacity\"\/>\n\n<h3 class=\"wp-block-heading\">Kiv\u00e9telek \/ nem visszav\u00e1lthat\u00f3 t\u00e9telek<\/h3>\n\n<p>Bizonyos t\u00e9telek nem k\u00fcldhet\u0151k vissza, t\u00f6bbek k\u00f6z\u00f6tt:<\/p>\n\n<ul class=\"wp-block-list\">\n<li>Egyedi vagy szem\u00e9lyre szabott term\u00e9kek.<\/li>\n\n\n\n<li>Vesz\u00e9lyes anyagok, gy\u00fal\u00e9kony folyad\u00e9kok vagy g\u00e1zok.<\/li>\n\n\n\n<li>Romland\u00f3 \u00e1ruk (pl. \u00e9lelmiszerek, vir\u00e1gok, n\u00f6v\u00e9nyek).<\/li>\n\n\n\n<li>Test\u00e1pol\u00e1si cikkek (pl. sz\u00e9ps\u00e9g\u00e1pol\u00e1si term\u00e9kek).<\/li>\n\n\n\n<li>Akci\u00f3s term\u00e9kek vagy aj\u00e1nd\u00e9kk\u00e1rty\u00e1k.<\/li>\n<\/ul>\n\n<p>Ha k\u00e9rd\u00e9se vagy agg\u00e1lya van az adott term\u00e9kkel kapcsolatban, k\u00e9rj\u00fck, forduljon hozz\u00e1nk.<\/p>\n\n<hr class=\"wp-block-separator has-alpha-channel-opacity\"\/>\n\n<h3 class=\"wp-block-heading\">Cser\u00e9k<\/h3>\n\n<p>Egy term\u00e9k cser\u00e9je:<\/p>\n\n<ol class=\"wp-block-list\">\n<li>A visszak\u00fcld\u00e9si folyamatot k\u00f6vet\u0151en k\u00fcldje vissza az eredeti term\u00e9ket.<\/li>\n\n\n\n<li>Miut\u00e1n a visszak\u00fcld\u00e9st elfogadt\u00e1k, v\u00e1s\u00e1roljon \u00faj term\u00e9ket a k\u00edv\u00e1nt term\u00e9kre.<\/li>\n<\/ol>\n\n<p>Ez biztos\u00edtja, hogy a leggyorsabban megkapja az \u00faj term\u00e9ket.<\/p>\n\n<hr class=\"wp-block-separator has-alpha-channel-opacity\"\/>\n\n<h3 class=\"wp-block-heading\">Az Eur\u00f3pai Uni\u00f3 14 napos t\u00fcrelmi id\u0151szaka<\/h3>\n\n<p>Ha a megrendel\u00e9s\u00e9t az Eur\u00f3pai Uni\u00f3ba sz\u00e1ll\u00edtj\u00e1k, \u00d6n jogosult 14 napos indokl\u00e1s n\u00e9lk\u00fcli lemond\u00e1si vagy visszak\u00fcld\u00e9si hat\u00e1rid\u0151re, b\u00e1rmilyen okb\u00f3l.<\/p>\n\n<p><strong>Felt\u00e9telek:<\/strong><\/p>\n\n<ul class=\"wp-block-list\">\n<li>A term\u00e9knek ugyanolyan \u00e1llapotban kell lennie, mint ahogyan megkapta: nem viselt, nem haszn\u00e1lt, c\u00edmk\u00e9vel ell\u00e1tott \u00e9s eredeti csomagol\u00e1s\u00e1ban.<\/li>\n\n\n\n<li>A v\u00e1s\u00e1rl\u00e1st igazol\u00f3 bizonylatra, p\u00e9ld\u00e1ul nyugt\u00e1ra van sz\u00fcks\u00e9g.<\/li>\n<\/ul>\n\n<hr class=\"wp-block-separator has-alpha-channel-opacity\"\/>\n\n<h3 class=\"wp-block-heading\">Visszat\u00e9r\u00edt\u00e9sek<\/h3>\n\n<p>Amint megkapjuk \u00e9s megvizsg\u00e1ljuk a visszak\u00fcld\u00f6tt term\u00e9ket, \u00e9rtes\u00edtj\u00fck \u00d6nt, hogy a visszat\u00e9r\u00edt\u00e9st j\u00f3v\u00e1hagytuk-e. Ha j\u00f3v\u00e1hagyj\u00e1k:<\/p>\n\n<ul class=\"wp-block-list\">\n<li>A visszat\u00e9r\u00edt\u00e9s automatikusan az eredeti fizet\u00e9si m\u00f3dszeren kereszt\u00fcl t\u00f6rt\u00e9nik 10 munkanapon bel\u00fcl.<\/li>\n\n\n\n<li>K\u00e9rj\u00fck, vegye figyelembe: A visszat\u00e9r\u00edt\u00e9s feldolgoz\u00e1sa \u00e9s k\u00f6nyvel\u00e9se tov\u00e1bbi id\u0151t vehet ig\u00e9nybe, am\u00edg bankja vagy hitelk\u00e1rtya-t\u00e1rsas\u00e1ga feldolgozza \u00e9s k\u00f6nyveli a visszat\u00e9r\u00edt\u00e9st.<\/li>\n<\/ul>\n\n<p>Ha t\u00f6bb mint 15 munkanap telt el a visszak\u00fcld\u00e9s j\u00f3v\u00e1hagy\u00e1sa \u00f3ta, \u00e9s m\u00e9g nem kapta meg a visszat\u00e9r\u00edt\u00e9st, k\u00e9rj\u00fck, l\u00e9pjen kapcsolatba vel\u00fcnk a <strong><a>franjulia.leather@gmail.com<\/a><\/strong> e-mail c\u00edmen <strong><a>.<\/a><\/strong><\/p>\n\n<hr class=\"wp-block-separator has-alpha-channel-opacity\"\/>\n\n<p>Tov\u00e1bbi seg\u00edts\u00e9g\u00e9rt forduljon hozz\u00e1nk a <strong><a>franjulia.leather@gmail.com<\/a><\/strong> e-mail c\u00edmen. Itt vagyunk, hogy seg\u00edts\u00fcnk!<\/p>\n","protected":false},"excerpt":{"rendered":"<p>Visszat\u00e9r\u00edt\u00e9si politikaHat\u00e1lyos d\u00e1tum: [01 .12.2024] C\u00e9lunk, hogy minden v\u00e1s\u00e1rl\u00e1sn\u00e1l biztos\u00edtsuk az \u00d6n el\u00e9gedetts\u00e9g\u00e9t. Az al\u00e1bbiakban a visszat\u00e9r\u00edt\u00e9si szab\u00e1lyzatunk felt\u00e9telei tal\u00e1lhat\u00f3k,<\/p>\n","protected":false},"author":1,"featured_media":0,"parent":0,"menu_order":0,"comment_status":"closed","ping_status":"closed","template":"","meta":{"jetpack_post_was_ever_published":true,"footnotes":""},"class_list":["post-30279","page","type-page","status-publish","hentry"],"aioseo_notices":[],"jetpack_sharing_enabled":true,"_links":{"self":[{"href":"https:\/\/franjulia.com\/hu\/wp-json\/wp\/v2\/pages\/30279","targetHints":{"allow":["GET"]}}],"collection":[{"href":"https:\/\/franjulia.com\/hu\/wp-json\/wp\/v2\/pages"}],"about":[{"href":"https:\/\/franjulia.com\/hu\/wp-json\/wp\/v2\/types\/page"}],"author":[{"embeddable":true,"href":"https:\/\/franjulia.com\/hu\/wp-json\/wp\/v2\/users\/1"}],"replies":[{"embeddable":true,"href":"https:\/\/franjulia.com\/hu\/wp-json\/wp\/v2\/comments?post=30279"}],"version-history":[{"count":2,"href":"https:\/\/franjulia.com\/hu\/wp-json\/wp\/v2\/pages\/30279\/revisions"}],"predecessor-version":[{"id":30283,"href":"https:\/\/franjulia.com\/hu\/wp-json\/wp\/v2\/pages\/30279\/revisions\/30283"}],"wp:attachment":[{"href":"https:\/\/franjulia.com\/hu\/wp-json\/wp\/v2\/media?parent=30279"}],"curies":[{"name":"wp","href":"https:\/\/api.w.org\/{rel}","templated":true}]}}

Visszatérítési és visszatérítési politika

<p><strong>Visszatérítési politika</strong><br/><strong>Hatályos dátum:</strong> [01 .12.2024]</p>

<p>Célunk, hogy minden vásárlásnál biztosítsuk az Ön elégedettségét. Az alábbiakban a visszatérítési szabályzatunk feltételei találhatók, hogy segítsünk Önnek abban az esetben, ha vissza kell küldenie egy terméket.</p>

<hr class="wp-block-separator has-alpha-channel-opacity"/>

<h3 class="wp-block-heading">14 napos visszaküldési politika</h3>

<p>A termék kézhezvételét követően 14 nap áll rendelkezésére, hogy visszakérje a terméket.</p>

<hr class="wp-block-separator has-alpha-channel-opacity"/>

<h3 class="wp-block-heading">Visszatérítésre való jogosultság</h3>

<p>Visszatérítésre való jogosultság:</p>

<ul class="wp-block-list">
<li>A tárgyaknak ugyanolyan állapotban kell lenniük, mint ahogyan átvették: nem viselt, nem használt, címkével ellátott és eredeti csomagolásban.</li>



<li>A vásárlást igazoló bizonylatot, például nyugtát, be kell nyújtani.</li>
</ul>

<hr class="wp-block-separator has-alpha-channel-opacity"/>

<h3 class="wp-block-heading">Hogyan kezdeményezzen visszatérést</h3>

<p>Visszatérítés indításához lépjen kapcsolatba velünk a <strong><a>franjulia.leather@gmail.com</a></strong> címen. A tételeket a következő címre kell küldeni:</p>

<p><strong>4E s.r.o.</strong><br/><strong>Obchodná 616/20, Komárno 945 01, Szlovákia</strong></p>

<p>Amint a visszaküldést elfogadtuk, elküldjük Önnek:</p>

<ul class="wp-block-list">
<li>Egy visszaküldési címke.</li>



<li>Utasítások a csomag elküldésének módjáról és helyéről.</li>
</ul>

<p>Felhívjuk figyelmét, hogy a visszaküldött tételeket a visszaküldési kérelem nélkül nem fogadjuk el.</p>

<p>A visszaküldéssel kapcsolatos kérdésekkel kapcsolatban bármikor forduljon hozzánk a <strong><a>franjulia.leather@gmail.com</a></strong> e-mail címen.</p>

<hr class="wp-block-separator has-alpha-channel-opacity"/>

<h3 class="wp-block-heading">Károk és kérdések</h3>

<p>Ellenőrizze a megrendelését annak kézhezvételekor. Ha a termék hibás, sérült vagy hibás, kérjük, azonnal lépjen kapcsolatba velünk a <strong><a>franjulia.leather@gmail.com</a></strong> e-mail címen. Értékelni fogjuk a problémát, és azon fogunk dolgozni, hogy azonnal megoldjuk azt.</p>

<hr class="wp-block-separator has-alpha-channel-opacity"/>

<h3 class="wp-block-heading">Kivételek / nem visszaváltható tételek</h3>

<p>Bizonyos tételek nem küldhetők vissza, többek között:</p>

<ul class="wp-block-list">
<li>Egyedi vagy személyre szabott termékek.</li>



<li>Veszélyes anyagok, gyúlékony folyadékok vagy gázok.</li>



<li>Romlandó áruk (pl. élelmiszerek, virágok, növények).</li>



<li>Testápolási cikkek (pl. szépségápolási termékek).</li>



<li>Akciós termékek vagy ajándékkártyák.</li>
</ul>

<p>Ha kérdése vagy aggálya van az adott termékkel kapcsolatban, kérjük, forduljon hozzánk.</p>

<hr class="wp-block-separator has-alpha-channel-opacity"/>

<h3 class="wp-block-heading">Cserék</h3>

<p>Egy termék cseréje:</p>

<ol class="wp-block-list">
<li>A visszaküldési folyamatot követően küldje vissza az eredeti terméket.</li>



<li>Miután a visszaküldést elfogadták, vásároljon új terméket a kívánt termékre.</li>
</ol>

<p>Ez biztosítja, hogy a leggyorsabban megkapja az új terméket.</p>

<hr class="wp-block-separator has-alpha-channel-opacity"/>

<h3 class="wp-block-heading">Az Európai Unió 14 napos türelmi időszaka</h3>

<p>Ha a megrendelését az Európai Unióba szállítják, Ön jogosult 14 napos indoklás nélküli lemondási vagy visszaküldési határidőre, bármilyen okból.</p>

<p><strong>Feltételek:</strong></p>

<ul class="wp-block-list">
<li>A terméknek ugyanolyan állapotban kell lennie, mint ahogyan megkapta: nem viselt, nem használt, címkével ellátott és eredeti csomagolásában.</li>



<li>A vásárlást igazoló bizonylatra, például nyugtára van szükség.</li>
</ul>

<hr class="wp-block-separator has-alpha-channel-opacity"/>

<h3 class="wp-block-heading">Visszatérítések</h3>

<p>Amint megkapjuk és megvizsgáljuk a visszaküldött terméket, értesítjük Önt, hogy a visszatérítést jóváhagytuk-e. Ha jóváhagyják:</p>

<ul class="wp-block-list">
<li>A visszatérítés automatikusan az eredeti fizetési módszeren keresztül történik 10 munkanapon belül.</li>



<li>Kérjük, vegye figyelembe: A visszatérítés feldolgozása és könyvelése további időt vehet igénybe, amíg bankja vagy hitelkártya-társasága feldolgozza és könyveli a visszatérítést.</li>
</ul>

<p>Ha több mint 15 munkanap telt el a visszaküldés jóváhagyása óta, és még nem kapta meg a visszatérítést, kérjük, lépjen kapcsolatba velünk a <strong><a>franjulia.leather@gmail.com</a></strong> e-mail címen <strong><a>.</a></strong></p>

<hr class="wp-block-separator has-alpha-channel-opacity"/>

<p>További segítségért forduljon hozzánk a <strong><a>franjulia.leather@gmail.com</a></strong> e-mail címen. Itt vagyunk, hogy segítsünk!</p>

<p>Visszatérítési politikaHatályos dátum: [01 .12.2024] Célunk, hogy minden vásárlásnál biztosítsuk az Ön elégedettségét. Az alábbiakban a visszatérítési szabályzatunk feltételei találhatók,</p>
