{"id":30214,"date":"2024-11-27T15:31:36","date_gmt":"2024-11-27T15:31:36","guid":{"rendered":"https:\/\/franjulia.com\/szallitasi-politika\/"},"modified":"2024-11-29T10:38:29","modified_gmt":"2024-11-29T10:38:29","slug":"szallitasi-politika","status":"publish","type":"page","link":"https:\/\/franjulia.com\/hu\/szallitasi-politika\/","title":{"rendered":"Sz\u00e1ll\u00edt\u00e1si politika"},"content":{"rendered":"\n<p><strong>Sz\u00e1ll\u00edt\u00e1si politika<\/strong><\/p>\n\n<hr class=\"wp-block-separator has-alpha-channel-opacity\"\/>\n\n<h3 class=\"wp-block-heading\">Sz\u00e1ll\u00edt\u00f3 fuvaroz\u00f3k<\/h3>\n\n<p>Megb\u00edzhat\u00f3 sz\u00e1ll\u00edtm\u00e1nyoz\u00f3kkal dolgozunk egy\u00fctt, hogy biztos\u00edtsuk megrendel\u00e9sei megb\u00edzhat\u00f3 \u00e9s hat\u00e9kony k\u00e9zbes\u00edt\u00e9s\u00e9t. Sz\u00e1ll\u00edt\u00e1si lehet\u0151s\u00e9geink a k\u00f6vetkez\u0151k: <\/p>\n\n<ul class=\"wp-block-list\">\n<li><strong>DHL Express<\/strong><\/li>\n\n\n\n<li><strong>FedEx<\/strong><\/li>\n\n\n\n<li><strong>UPS<\/strong><\/li>\n\n\n\n<li><strong>EMS<\/strong> (Nemzetk\u00f6zi postai gyorspostai szolg\u00e1ltat\u00e1s)<\/li>\n<\/ul>\n\n<p>Az \u00d6n megrendel\u00e9s\u00e9hez haszn\u00e1lt sz\u00e1ll\u00edt\u00f3 a rendeltet\u00e9si helyt\u0151l \u00e9s a p\u00e9nzt\u00e1rn\u00e1l kiv\u00e1lasztott sz\u00e1ll\u00edt\u00e1si m\u00f3dt\u00f3l f\u00fcgg.<\/p>\n\n<hr class=\"wp-block-separator has-alpha-channel-opacity\"\/>\n\n<h3 class=\"wp-block-heading\">Feldolgoz\u00e1s \u00e9s sz\u00e1ll\u00edt\u00e1s id\u0151tartama<\/h3>\n\n<p>C\u00e9lunk, hogy minden megrendel\u00e9st a v\u00e1s\u00e1rl\u00e1st\u00f3l sz\u00e1m\u00edtott 5 munkanapon bel\u00fcl feldolgozzunk \u00e9s elk\u00fcldj\u00fcnk. F\u0151szezonban vagy el\u0151re nem l\u00e1that\u00f3 k\u00f6r\u00fclm\u00e9nyek miatt a feldolgoz\u00e1si id\u0151 v\u00e1ltozhat. Amint megrendel\u00e9s\u00e9t elk\u00fcldt\u00fck, visszaigazol\u00f3 e-mailt kap a nyomon k\u00f6vet\u00e9si adatokkal, \u00edgy nyomon k\u00f6vetheti a sz\u00e1ll\u00edt\u00e1st.  <\/p>\n\n<hr class=\"wp-block-separator has-alpha-channel-opacity\"\/>\n\n<h3 class=\"wp-block-heading\">Sz\u00e1ll\u00edt\u00e1si d\u00edjak<\/h3>\n\n<p>A rendel\u00e9s sz\u00e1ll\u00edt\u00e1si k\u00f6lts\u00e9g\u00e9t a p\u00e9nzt\u00e1rn\u00e1l sz\u00e1moljuk ki a rendeltet\u00e9si hely, a csomag s\u00falya \u00e9s a kiv\u00e1lasztott sz\u00e1ll\u00edt\u00e1si m\u00f3d alapj\u00e1n. Ez biztos\u00edtja a m\u00e9lt\u00e1nyos \u00e9s \u00e1tl\u00e1that\u00f3 \u00e1rk\u00e9pz\u00e9st minden megrendel\u00e9s eset\u00e9ben. <\/p>\n\n<hr class=\"wp-block-separator has-alpha-channel-opacity\"\/>\n\n<h3 class=\"wp-block-heading\">Nemzetk\u00f6zi sz\u00e1ll\u00edt\u00e1s<\/h3>\n\n<p>Minden megrendel\u00e9st Szlov\u00e1ki\u00e1b\u00f3l sz\u00e1ll\u00edtunk vil\u00e1gszerte. Felh\u00edvjuk figyelm\u00e9t, hogy a sz\u00e1ll\u00edt\u00e1skor tov\u00e1bbi v\u00e1mok, ad\u00f3k vagy d\u00edjak mer\u00fclhetnek fel. Ezek a d\u00edjak a v\u00e1s\u00e1rl\u00f3 felel\u0151ss\u00e9ge, \u00e9s nem szerepelnek a v\u00e9tel\u00e1rban vagy a sz\u00e1ll\u00edt\u00e1si k\u00f6lts\u00e9gekben.  <\/p>\n\n<hr class=\"wp-block-separator has-alpha-channel-opacity\"\/>\n\n<h3 class=\"wp-block-heading\">Rendel\u00e9s nyomon k\u00f6vet\u00e9se<\/h3>\n\n<p>Miut\u00e1n a megrendel\u00e9s\u00e9t elk\u00fcldt\u00fck, kap egy e-mailt a k\u00f6vetkez\u0151kkel:<\/p>\n\n<ul class=\"wp-block-list\">\n<li>A nyomon k\u00f6vet\u00e9si sz\u00e1m<\/li>\n\n\n\n<li>Egy linket, amellyel a kiv\u00e1lasztott sz\u00e1ll\u00edtm\u00e1nyoz\u00f3 weboldal\u00e1n kereszt\u00fcl val\u00f3s id\u0151ben nyomon k\u00f6vetheti a sz\u00e1ll\u00edt\u00e1s \u00e1llapot\u00e1t.<\/li>\n<\/ul>\n\n<hr class=\"wp-block-separator has-alpha-channel-opacity\"\/>\n\n<h3 class=\"wp-block-heading\">Sz\u00e1ll\u00edt\u00e1si c\u00edm<\/h3>\n\n<p>K\u00e9rj\u00fck, gy\u0151z\u0151dj\u00f6n meg arr\u00f3l, hogy a fizet\u00e9s sor\u00e1n megadott sz\u00e1ll\u00edt\u00e1si c\u00edm pontos \u00e9s teljes. Nem v\u00e1llalunk felel\u0151ss\u00e9get a hib\u00e1s vagy hi\u00e1nyos c\u00edmek okozta k\u00e9s\u00e9sek\u00e9rt vagy sz\u00e1ll\u00edt\u00e1si probl\u00e9m\u00e1k\u00e9rt. <\/p>\n\n<hr class=\"wp-block-separator has-alpha-channel-opacity\"\/>\n\n<h3 class=\"wp-block-heading\">Sz\u00e1ll\u00edt\u00e1si hat\u00e1rid\u0151<\/h3>\n\n<p>A sz\u00e1ll\u00edt\u00e1si id\u0151 a k\u00f6vetkez\u0151kt\u0151l f\u00fcgg\u0151en v\u00e1ltozhat:<\/p>\n\n<ul class=\"wp-block-list\">\n<li>A c\u00e9lorsz\u00e1g vagy -r\u00e9gi\u00f3<\/li>\n\n\n\n<li>V\u00e1mkezel\u00e9si folyamatok<\/li>\n\n\n\n<li>Fuvaroz\u00f3specifikus tranzitid\u0151<\/li>\n\n\n\n<li>El\u0151re nem l\u00e1that\u00f3 k\u00f6r\u00fclm\u00e9nyek (pl. id\u0151j\u00e1r\u00e1s, term\u00e9szeti katasztr\u00f3f\u00e1k)<\/li>\n<\/ul>\n\n<p>Igyeksz\u00fcnk biztos\u00edtani az id\u0151ben t\u00f6rt\u00e9n\u0151 k\u00e9zbes\u00edt\u00e9st, de k\u00f6sz\u00f6nj\u00fck meg\u00e9rt\u00e9s\u00e9t, ha k\u00e9sedelmek fordulnak el\u0151.<\/p>\n\n<hr class=\"wp-block-separator has-alpha-channel-opacity\"\/>\n\n<h3 class=\"wp-block-heading\">\u00dcgyf\u00e9lszolg\u00e1lat<\/h3>\n\n<p>Ha b\u00e1rmilyen k\u00e9rd\u00e9se vagy agg\u00e1lya van a sz\u00e1ll\u00edt\u00e1si st\u00e1tusz\u00e1val kapcsolatban, k\u00e9rj\u00fck, l\u00e9pjen kapcsolatba \u00fcgyf\u00e9lszolg\u00e1latunkkal a k\u00f6vetkez\u0151 c\u00edmen:<\/p>\n\n<ul class=\"wp-block-list\">\n<li><strong>E-mail:<\/strong> <strong><a>franjulia.leather@gmail.com<\/a><\/strong><\/li>\n<\/ul>\n\n<hr class=\"wp-block-separator has-alpha-channel-opacity\"\/>\n\n<p><\/p>\n","protected":false},"excerpt":{"rendered":"<p>Sz\u00e1ll\u00edt\u00e1si politika Sz\u00e1ll\u00edt\u00f3 fuvaroz\u00f3k Megb\u00edzhat\u00f3 sz\u00e1ll\u00edtm\u00e1nyoz\u00f3kkal dolgozunk egy\u00fctt, hogy biztos\u00edtsuk megrendel\u00e9sei megb\u00edzhat\u00f3 \u00e9s hat\u00e9kony k\u00e9zbes\u00edt\u00e9s\u00e9t. Sz\u00e1ll\u00edt\u00e1si lehet\u0151s\u00e9geink a k\u00f6vetkez\u0151k: Az<\/p>\n","protected":false},"author":1,"featured_media":0,"parent":0,"menu_order":0,"comment_status":"closed","ping_status":"closed","template":"","meta":{"jetpack_post_was_ever_published":true,"footnotes":""},"class_list":["post-30214","page","type-page","status-publish","hentry"],"aioseo_notices":[],"jetpack_sharing_enabled":true,"_links":{"self":[{"href":"https:\/\/franjulia.com\/hu\/wp-json\/wp\/v2\/pages\/30214","targetHints":{"allow":["GET"]}}],"collection":[{"href":"https:\/\/franjulia.com\/hu\/wp-json\/wp\/v2\/pages"}],"about":[{"href":"https:\/\/franjulia.com\/hu\/wp-json\/wp\/v2\/types\/page"}],"author":[{"embeddable":true,"href":"https:\/\/franjulia.com\/hu\/wp-json\/wp\/v2\/users\/1"}],"replies":[{"embeddable":true,"href":"https:\/\/franjulia.com\/hu\/wp-json\/wp\/v2\/comments?post=30214"}],"version-history":[{"count":2,"href":"https:\/\/franjulia.com\/hu\/wp-json\/wp\/v2\/pages\/30214\/revisions"}],"predecessor-version":[{"id":30216,"href":"https:\/\/franjulia.com\/hu\/wp-json\/wp\/v2\/pages\/30214\/revisions\/30216"}],"wp:attachment":[{"href":"https:\/\/franjulia.com\/hu\/wp-json\/wp\/v2\/media?parent=30214"}],"curies":[{"name":"wp","href":"https:\/\/api.w.org\/{rel}","templated":true}]}}

Szállítási politika

<p><strong>Szállítási politika</strong></p>

<hr class="wp-block-separator has-alpha-channel-opacity"/>

<h3 class="wp-block-heading">Szállító fuvarozók</h3>

<p>Megbízható szállítmányozókkal dolgozunk együtt, hogy biztosítsuk megrendelései megbízható és hatékony kézbesítését. Szállítási lehetőségeink a következők: </p>

<ul class="wp-block-list">
<li><strong>DHL Express</strong></li>



<li><strong>FedEx</strong></li>



<li><strong>UPS</strong></li>



<li><strong>EMS</strong> (Nemzetközi postai gyorspostai szolgáltatás)</li>
</ul>

<p>Az Ön megrendeléséhez használt szállító a rendeltetési helytől és a pénztárnál kiválasztott szállítási módtól függ.</p>

<hr class="wp-block-separator has-alpha-channel-opacity"/>

<h3 class="wp-block-heading">Feldolgozás és szállítás időtartama</h3>

<p>Célunk, hogy minden megrendelést a vásárlástól számított 5 munkanapon belül feldolgozzunk és elküldjünk. Főszezonban vagy előre nem látható körülmények miatt a feldolgozási idő változhat. Amint megrendelését elküldtük, visszaigazoló e-mailt kap a nyomon követési adatokkal, így nyomon követheti a szállítást.  </p>

<hr class="wp-block-separator has-alpha-channel-opacity"/>

<h3 class="wp-block-heading">Szállítási díjak</h3>

<p>A rendelés szállítási költségét a pénztárnál számoljuk ki a rendeltetési hely, a csomag súlya és a kiválasztott szállítási mód alapján. Ez biztosítja a méltányos és átlátható árképzést minden megrendelés esetében. </p>

<hr class="wp-block-separator has-alpha-channel-opacity"/>

<h3 class="wp-block-heading">Nemzetközi szállítás</h3>

<p>Minden megrendelést Szlovákiából szállítunk világszerte. Felhívjuk figyelmét, hogy a szállításkor további vámok, adók vagy díjak merülhetnek fel. Ezek a díjak a vásárló felelőssége, és nem szerepelnek a vételárban vagy a szállítási költségekben.  </p>

<hr class="wp-block-separator has-alpha-channel-opacity"/>

<h3 class="wp-block-heading">Rendelés nyomon követése</h3>

<p>Miután a megrendelését elküldtük, kap egy e-mailt a következőkkel:</p>

<ul class="wp-block-list">
<li>A nyomon követési szám</li>



<li>Egy linket, amellyel a kiválasztott szállítmányozó weboldalán keresztül valós időben nyomon követheti a szállítás állapotát.</li>
</ul>

<hr class="wp-block-separator has-alpha-channel-opacity"/>

<h3 class="wp-block-heading">Szállítási cím</h3>

<p>Kérjük, győződjön meg arról, hogy a fizetés során megadott szállítási cím pontos és teljes. Nem vállalunk felelősséget a hibás vagy hiányos címek okozta késésekért vagy szállítási problémákért. </p>

<hr class="wp-block-separator has-alpha-channel-opacity"/>

<h3 class="wp-block-heading">Szállítási határidő</h3>

<p>A szállítási idő a következőktől függően változhat:</p>

<ul class="wp-block-list">
<li>A célország vagy -régió</li>



<li>Vámkezelési folyamatok</li>



<li>Fuvarozóspecifikus tranzitidő</li>



<li>Előre nem látható körülmények (pl. időjárás, természeti katasztrófák)</li>
</ul>

<p>Igyekszünk biztosítani az időben történő kézbesítést, de köszönjük megértését, ha késedelmek fordulnak elő.</p>

<hr class="wp-block-separator has-alpha-channel-opacity"/>

<h3 class="wp-block-heading">Ügyfélszolgálat</h3>

<p>Ha bármilyen kérdése vagy aggálya van a szállítási státuszával kapcsolatban, kérjük, lépjen kapcsolatba ügyfélszolgálatunkkal a következő címen:</p>

<ul class="wp-block-list">
<li><strong>E-mail:</strong> <strong><a>franjulia.leather@gmail.com</a></strong></li>
</ul>

<hr class="wp-block-separator has-alpha-channel-opacity"/>

<p></p>

<p>Szállítási politika Szállító fuvarozók Megbízható szállítmányozókkal dolgozunk együtt, hogy biztosítsuk megrendelései megbízható és hatékony kézbesítését. Szállítási lehetőségeink a következők: Az</p>
